 common factor of 36 and n.
18
Let w = 10 - 2. Suppose -4*j - w = -128. Let x = -98 + 143. Calculate the greatest common factor of x and j.
15
Suppose -5*p + 241 = 3*l - 281, 3*l = 4*p - 396. Calculate the highest common factor of 34 and p.
34
Let d = 41 - 11. Let y = -54 - -129. Calculate the highest common divisor of d and y.
15
Let w(f) = -10*f**2 + 4 + 2*f**2 + 12*f**2. Let t be w(4). What is the greatest common factor of 17 and t?
17
Let k(t) = t**2 - 4*t + t**2 + 2*t + 3*t. Let v be k(1). Suppose i = -3*w + 7, -3*w + 5 = -4*i + 3*i. What is the highest common divisor of w and v?
1
Let x = 5 - -1. Let l = -3 + x. Calculate the greatest common divisor of 33 and l.
3
Suppose -5*t = -0*t. Suppose 0 = g + 4*x - 3, g = -2*x + 5 - t. Calculate the highest common factor of g and 77.
7
Let q(n) = -n**3 - n**2 + 3*n - 2. Let h be q(-3). Suppose 0 = 4*t - 4*p - 244, 3*p - p = -2*t + 130. Calculate the greatest common factor of t and h.
7
Let h(o) = -o**2 - 9*o - 3. Let p be h(-6). Let a(g) = 12*g**2 - 3. Let n be a(-3). Calculate the greatest common factor of p and n.
15
Let o(p) = -p**2 + 8*p - 7. Suppose 2*a = 3*a - 6. Let t be o(a). What is the highest common divisor of 5 and t?
5
Let r = 17 - 4. Suppose 2 = i - 5*t - r, 75 = 5*i - 3*t. Calculate the highest common factor of 15 and i.
15
Let x = -18 - -28. What is the highest common factor of x and 50?
10
Let r(z) = z**2 - 2*z + 21. Let g be r(0). Let x(k) = k**3 - 7*k**2 - 7*k - 1. Let o be x(8). What is the greatest common factor of g and o?
7
Let h be (-330)/(-11) - 1*-4. Calculate the highest common factor of 170 and h.
34
Let f be (-2)/(-6) - 179/(-3). What is the greatest common factor of 24 and f?
12
Let s(w) = -w**3 - 2*w**2 + 3*w + 4. Let g be s(-3). Suppose 0 = -g*t + 2 + 2. Suppose -u - u + 6 = 0. Calculate the highest common factor of t and u.
1
Let g(t) = -24*t**3 - t**2 - t. Let a be g(-1). Calculate the highest common divisor of 16 and a.
8
Let b(r) = 3*r**2 - 26*r - 11. Let s be b(11). Calculate the highest common divisor of 44 and s.
22
Let v = -86 - -118. Calculate the greatest common factor of v and 2.
2
Let f(j) = -j**3 - 8*j**2 - 6*j + 8. Let z be f(-7). Let o be (z/(-2))/((-1)/160). Calculate the greatest common factor of o and 16.
16
Let k be -10*((-18)/(-3))/(-2). Let c = 133 - 202. Let x = -24 - c. Calculate the highest common factor of x and k.
15
Let z = -1 + 2. Suppose -17 + z = -2*s. Calculate the highest common divisor of s and 1.
1
Let p(g) = -g**2 - 8*g - 6. Let x be p(-6). Let b(d) = d**2 + 11*d + 11. Let y be b(-10). Calculate the greatest common factor of x and y.
1
Suppose 2*o - 5*n = -11, o + 3*o = 2*n + 2. Calculate the highest common divisor of 18 and o.
2
Let h(x) = -x**3 - 7*x**2 + 7*x - 11. Let t be h(-9). Let g = t + 32. What is the highest common factor of g and 15?
15
Let i(g) = -32*g - 2. Let s be i(-4). Let t = -52 + 34. Let m be t*2*(-12)/24. What is the highest common divisor of s and m?
18
Let p be 5/((-15)/2)*-66. What is the highest common divisor of 4 and p?
4
Let o(k) be the first derivative of 2*k**3/3 + 2*k**2 + 2*k - 4. Let b be o(-2). What is the highest common factor of b and 1?
1
Let k(n) = n**2 + 7*n + 8. Let a be k(-6). Suppose -5*m = a*x - 33 - 98, x - 25 = -m. Calculate the highest common factor of m and 9.
9
Let d be 218/9 + (-4)/18 + -3. Calculate the greatest common factor of 28 and d.
7
Let t(o) = 2*o**2 - 9*o - 9. Let n be t(7). Let d be n/10 - (-6)/15. What is the greatest common divisor of d and 1?
1
Suppose x + 3 = 4*x. Let q(o) = 193*o - 1. Let n be q(x). What is the greatest common divisor of n and 24?
24
Suppose -3*w = -3*u - w + 50, 0 = -3*u - w + 56. What is the highest common factor of 6 and u?
6
Let b be 6/24 + 11/4. Let u be 21/3 - 1*b. Suppose -f = u*f - 40. What is the greatest common factor of 1 and f?
1
Suppose -4*x = -4*b - 3*x + 65, -x = -5*b + 80. Suppose 0 = -2*w + 79 + 291. Let r be w/b + 2/(-6). What is the highest common divisor of r and 60?
12
Let a be (-9 + 22)*(4 + -1). What is the highest common divisor of a and 78?
39
Let p be 2*-1 + (5 - 2). Let x be 72*p*(-6)/(-9). Calculate the highest common divisor of 32 and x.
16
Suppose -2*q + 72 = -54. Calculate the greatest common divisor of 9 and q.
9
Suppose -2*q + 2 + 2 = 0. Suppose d = -q*d + 180. What is the highest common factor of d and 15?
15
Let c(p) = 7*p + p**2 + 12 + 0*p**2 - 2*p**2 + 2*p**2. Let w be c(-8). Calculate the greatest common factor of w and 5.
5
Let c = -78 - -102. What is the greatest common divisor of c and 36?
12
Let j(u) = -68*u - 15. Let m be j(-3). Calculate the highest common divisor of 27 and m.
27
Let g be ((-5)/(-5))/((-1)/(-3)). Suppose g*u - 8 = 4*x + 44, 2*u + 2*x - 30 = 0. Calculate the highest common factor of u and 112.
16
Suppose -4*f + d + 99 = 0, 0 = 3*f - 5*d - 80 - 7. What is the greatest common divisor of 16 and f?
8
Let p be (-22)/(4/(3 + -1)). Let z(c) = -c**2 - 14*c - 3. Let x be z(p). What is the highest common divisor of 210 and x?
30
Let j(t) = -t**2 + t + 32. Let n be j(0). Let x = n - 18. Calculate the highest common divisor of x and 7.
7
Let x(i) = 2*i. Let a be x(1). Let p = -17 - -29. Suppose -g = -1, 4*j - p = -2*g - a*g. Calculate the greatest common divisor of j and 2.
2
Let z be (1 - 0) + (-7)/(-1). Let r = 13 + -11. Suppose -x - 9 = -r*v, v + 5*x - 2 - z = 0. Calculate the greatest common factor of 40 and v.
5
Let c(k) = -k**3 + 7*k**2 + 8*k + 9. Let v be c(8). Calculate the highest common divisor of v and 1.
1
Suppose -3 = 6*b - 3*b. Let r = b + 6. Suppose 35 = -4*t + 3*x + 94, r*x + 25 = 0. What is the highest common divisor of t and 121?
11
Suppose 0 + 25 = 5*n. What is the greatest common factor of n and 80?
5
Let w be 17*-358*(-4)/(-8). Let i be 2/6 - w/51. Calculate the greatest common factor of i and 150.
30
Suppose 5*f = -4*t + 199, -2*f = 3*t - t - 98. Calculate the greatest common divisor of t and 46.
46
Suppose -5*h + 5 + 20 = 0. Calculate the highest common divisor of h and 40.
5
Let c be (-1)/2 + 374/44. Calculate the greatest common factor of 1 and c.
1
Let g = 16 + -9. Let l be 17*-3*(-24)/9. Let h = -73 + l. Calculate the highest common factor of g and h.
7
Suppose 4*l + 0 = 12. What is the highest common divisor of l and 24?
3
Let l(n) = 2*n**2 - 6*n + 2. Let b be l(4). Let g = b + 4. Suppose 0 = -2*v + 77 - 7. What is the highest common divisor of g and v?
7
Suppose -5*z = 3*w - 2 + 10, -5*w + 24 = -z. Let m be 50 + (3 - -1)/(-2). Suppose -w*p = -7*p + m. What is the highest common factor of p and 8?
8
Let b be (3 - 2) + 13 - 2. What is the greatest common divisor of b and 12?
12
Let f be 3 + 2*3/6. Let r(v) = 9*v + 3. Let c be r(f). Calculate the highest common factor of c and 13.
13
Let t = 35 - 28. Suppose 0 = 3*u + 5 - 47. Calculate the highest common divisor of t and u.
7
Let h be (-9)/(-6)*(-3 + 5). Let y be (3/(-2))/((-1)/14). What is the greatest common factor of h and y?
3
Suppose 5*h = -0*h + 45. Suppose 0 = 5*x - 3*m - 21, -3*x + 0*m + 3*m + h = 0. Calculate the highest common divisor of 3 and x.
3
Suppose 0 = -o - 34 + 174. What is the highest common divisor of o and 28?
28
Let o be (11/(-4))/(2/(-16)). Calculate the highest common factor of 176 and o.
22
Suppose -j + 252 = 6*j. What is the highest common divisor of 24 and j?
12
Let c be ((-3 - -5) + -296)/(0 - 1). Calculate the greatest common factor of c and 42.
42
Let a(i) = i**2 + i**2 - 2*i + 3*i + 14 - i**2. Let u be a(0). Let s = 105 + 49. What is the greatest common divisor of s and u?
14
Let a be -125*(-2 + -1 + 2). Let x be 64/(-24)*-50*3/8. Calculate the highest common divisor of a and x.
25
Let r be (-42)/(-3) + (-2)/(-2). Calculate the greatest common divisor of r and 120.
15
Let l(m) = -18*m**3 + m**2 + 2*m + 1. Let u be l(-1). What is the highest common factor of u and 27?
9
Let x(g) = -g. Let w be x(-5). Suppose -10 + 45 = w*f. Let l(a) = a**3 - 3*a**2 - 2*a - 6. Let p be l(f). What is the highest common factor of 16 and p?
16
Let c be (-2)/(-8) - (-245)/28. Let z be (36 + (0 - 0))*1. Calculate the greatest common divisor of c and z.
9
Suppose -24 = 5*u + 1. Let o = -1 - u. Calculate the highest common divisor of 32 and o.
4
Let j be (-4)/14 - (-345)/7. Let d be (-1 + (0 - 2))/((-6)/(-32)). Let y 